n divisor of u and 42?
6
Let u(l) = l**3 + 146*l**2 + 152*l + 1429. Let x be u(-145). Suppose -100 = -3*y + 8. What is the highest common divisor of y and x?
18
Let p be ((-8910)/(-63))/6 + (-3)/(-7). Let y be (6*-2)/(3/26). Let l be (-5 + 2)*y/p. What is the greatest common factor of l and 104?
13
Let r = -13897 + 14592. Calculate the highest common divisor of r and 4031.
139
Suppose 14*q - 13*q = 4*q - 81. Calculate the highest common divisor of 6885 and q.
27
Let a(o) = o**2 + 25*o - 69. Let c be a(-22). Let k = c - -164. Calculate the highest common factor of k and 145.
29
Suppose 588 + 222 = 18*a - 54. Calculate the highest common divisor of a and 2912.
16
Let p(k) = k**2 - 4*k + 8. Let d be p(4). Let q be 2/(-19) - ((-924)/38)/3. Calculate the greatest common divisor of d and q.
8
Let f = 38151 + -36011. Calculate the highest common factor of f and 280.
20
Suppose -5*j - 10*d + 185 = -15*d, 21*d = -63. What is the greatest common divisor of j and 8483?
17
Let h be (-1 - -2)/(7/(-14532)*-6). Suppose k - z = 90, -16*z = -4*k - 19*z + h. Calculate the greatest common factor of 24 and k.
8
Suppose 47*a - 11964 + 3601 = 8557. Let w = 427 - 211. Calculate the greatest common factor of w and a.
72
Let s(g) = 7*g**3 + 6*g**2 + 9*g + 1. Let c be s(-2). Let u = c + 100. Calculate the greatest common factor of u and 119.
17
Suppose -3*c = -d - 83 - 55, 0 = -3*d - 5*c - 442. Let t be 2/(-7) + d/(-14). Let v = -7185 + 7215. What is the greatest common factor of t and v?
10
Suppose 0 = 2*g, 3*d + 17 - 47 = 4*g. Suppose 0 = -11*f - d*f + 1323. What is the greatest common factor of 693 and f?
63
Suppose 5*c - 3843 = 4*b, -3*b = -97*c + 93*c + 3073. Calculate the highest common factor of 3488 and c.
109
Let d = 7175 - 6447. Calculate the greatest common factor of d and 468.
52
Suppose -3*d + 24 = -5*w, -w - 4*d = 16 - 2. Let l be 32048/80 + w/10. Calculate the highest common factor of 150 and l.
50
Let p be 77/(-1463) - 16535/(-95). What is the highest common factor of 1798 and p?
58
Suppose -6*x - 229 = 767. Let g = x + 168. Suppose 0 = 4*v + w - 8, 0 = 5*v - w + 4*w - 10. What is the highest common factor of g and v?
2
Suppose 3*l = 2*l + 11. Let v(r) be the first derivative of 31*r**2/2 - 7*r - 33. Let b be v(2). What is the greatest common factor of b and l?
11
Suppose -7*r + 2*r = -5*q, -5*r = 5*q - 50. Suppose l - r + 4 = 0. Calculate the highest common divisor of 8 and l.
1
Let f(g) = 9*g**2 + 7*g + 2. Let c be f(-6). Suppose 322*j - 13594 = 12*j + 8416. Calculate the greatest common divisor of j and c.
71
Let f(s) = -356*s**3 + 14*s**2 + s - 11. Let h be f(-2). Calculate the highest common divisor of 147 and h.
49
Suppose -y = -100 + 25. Let n = -5 + 9. Suppose d - 3*f - 6 = -0, 72 = 4*d + n*f. Calculate the highest common divisor of d and y.
15
Suppose -p + 2*p - 5 = 0. Suppose 6*z - z = p. Let x(y) = -2*y**3 + 6*y**2 - 3*y - 1. Let t be x(2). Calculate the greatest common divisor of t and z.
1
Let k = 49149 + -49081. Calculate the greatest common factor of k and 306.
34
Let l be (144/15)/((-2)/(-35)). Let c be 2508/210 - (-36)/630. Calculate the highest common factor of c and l.
12
Suppose -36 = 5*w - 26. Let v be (w - (2 - 3))/(4/(-420)). What is the greatest common divisor of 21 and v?
21
Let x be 59693320/5285 - (-1)/7. Calculate the greatest common factor of x and 90.
45
Suppose -9 = h, -h = 4*d + 8*h - 5*h - 24. Suppose -3*c = -1 + 7, 3*c = -s - 4. What is the highest common factor of s and d?
1
Suppose -131 = -5*b + 2*x, 4 = 4*x - 4. Suppose 40*r - 41*r + 24 = 0. What is the greatest common divisor of r and b?
3
Suppose -79*o + 6260 + 46000 = -27*o. Let c be (-18)/(-1) + (-6 - -3). What is the greatest common divisor of c and o?
15
Suppose -2*t + 30 = 4. Let w(b) = -b**3 - 13*b**2 + 31*b - 564. Let i be w(-17). What is the greatest common factor of t and i?
13
Let w = 17946 - 17876. Calculate the greatest common divisor of 4480 and w.
70
Let s(z) = 3061*z + 12270. Let h be s(-4). Suppose -43 = 3*p - 121. Calculate the greatest common factor of h and p.
26
Let h = 38 - 442. Let z = h + 422. Calculate the greatest common divisor of z and 1152.
18
Let a(j) = -220*j + 462. Let y be a(-14). Calculate the highest common factor of y and 1127.
161
Let u = -1857 + 2043. Calculate the highest common divisor of 18 and u.
6
Let m = 4239 - 3833. Calculate the greatest common factor of 42 and m.
14
Let t(o) = o - 6. Let q(y) = -y**2 - 7*y + 4. Let b be q(-6). Let k be t(b). Suppose 14*z = 3*z + 308. What is the highest common factor of k and z?
4
Suppose -3846 + 326 = -8*d - 2*d. Calculate the greatest common factor of d and 416.
32
Suppose -6*y - 29 = -y + 3*a, 5*y = -a - 33. Let p(k) = 64*k + 8. Let w be p(y). Let c be (-1 - 3*-2)/((-8)/w). What is the greatest common divisor of c and 25?
25
Let b = 195 - 177. Let h be ((-9)/(-6))/((-6)/8) + 42. Suppose 230 + h = 6*w. What is the greatest common factor of b and w?
9
Let s = 40337 - 40040. Let c(p) = p**3 + 6*p**2 - p - 5. Let j be c(-6). Let q be (-268)/(-10) + j/5. Calculate the highest common divisor of s and q.
27
Suppose 308*j + 16678 = 310*j + 3*z, 3*j + z = 25024. What is the greatest common factor of j and 172?
86
Suppose -47*w + 1371492 = -60*w + 115*w. Calculate the greatest common factor of 162 and w.
162
Let k(s) = 2*s**2 - 41*s - 17. Let z be k(21). Suppose 3*t = -z*p + 232, 4*t + 16 = 2*p + 340. What is the highest common divisor of 32 and t?
16
Let b = 8776 + -7102. What is the highest common factor of 2418 and b?
186
Suppose -27*t = -4629 - 5388. Suppose 373*l = t*l + 4. What is the highest common factor of 2 and l?
2
Suppose 0 = -4*m - 8 + 24, -5*m + 105 = 5*o. Calculate the greatest common divisor of 1972 and o.
17
Let w = 29367 + -27964. What is the highest common factor of w and 46?
23
Suppose 131*f = -11817 + 48759. Calculate the highest common divisor of f and 12.
6
Let f = 3736 + -3700. What is the highest common divisor of 1062 and f?
18
Suppose 13 = 2*y - 15. Let v be 108/26 - y/91. Let n(u) = u**3 - 3*u**2 - u - 4. Let o be n(v). What is the greatest common factor of o and 24?
8
Suppose 46778 - 15289 = 93*z - 20405. Let q = 105 + -43. What is the highest common factor of q and z?
62
Let b(a) = 2*a**3 - 6*a**2 - 26 - a**3 + 615*a - 648*a - 10*a**2. Let z be b(18). What is the highest common factor of z and 98?
14
Let k be (0 - 0) + 3 - -69. Suppose 47*d - 355 = 43*d - m, 0 = 4*m - 12. Calculate the highest common factor of d and k.
8
Let v be -35*((-1134)/147 + 24/(-3)). Calculate the highest common factor of v and 1760.
110
Let g(j) = -j - 6. Let v(b) = -2*b - 23. Let y(w) = 3*g(w) - v(w). Let f = -1 + -2. Let n be y(f). Calculate the greatest common divisor of 32 and n.
8
Let g = 4 + -11. Let i(n) = -8*n**2 - 9*n + 1. Let c be i(2). Let z be (-2)/g + (-1064)/c + -3. Calculate the highest common factor of 19 and z.
19
Let s = -77 + 86. Suppose -s*z - 15 = -258. Suppose -3*d + z = -261. Calculate the greatest common divisor of 12 and d.
12
Let g = 4370 - 4104. Calculate the highest common factor of 35 and g.
7
Suppose -25*i + 63 = -28*i. Let d be (50 + i)*(7 + 0). What is the highest common divisor of 7 and d?
7
Suppose 0 = -2*v - 7*v - 12*v + 315. Let s be 2 - (16*1)/2. Let t = 9 - s. What is the greatest common factor of t and v?
15
Let b be ((-2 - 1) + -5)/(870/80 - 11). Calculate the greatest common divisor of b and 5312.
64
Let w be ((-594)/(-15))/(9/(-54) + (-7)/(-15)). What is the highest common divisor of 14344 and w?
44
Let n = -28465 + 28705. What is the highest common factor of 5120 and n?
80
Let t = 3566 + -1982. Calculate the greatest common divisor of t and 11.
11
Let l be (5/2 - 2)*6/(-1). Let i be (8/4 - 1) + l - -39. Let x(p) = -p**3 - 2*p**2 + p + 111. Let o be x(0). What is the highest common factor of i and o?
37
Let c be 4/3*(-3)/(-2). Let j be (2 - (c + -2)) + 30. Suppose 2*y - 65 + 37 = s, 84 = 4*y + 5*s. What is the highest common factor of y and j?
16
Let c = 162 - 134. Suppose 2*d - 2*r + 4 = 3*d, c = 4*d + 5*r. Suppose -2*n - 4 = -x, -4*x - 5*n = -0*x - 3. What is the highest common factor of d and x?
2
Suppose -f + 100 = -l, 30*l = 33*l + 3. Let v be (-2642)/(-20) - (-2)/(-20)*1. What is the highest common divisor of v and f?
33
Let l(t) = 841*